e p(-9).
32
Let o(d) = -10*d**3 - 2*d + 1. What is o(1)?
-11
Let f(l) = l**2 - 6*l - 1. Give f(6).
-1
Let x(n) = 4*n**2 - 14*n. Determine x(4).
8
Let l(u) = -4*u**2 + 74*u - 142. Determine l(2).
-10
Let q(x) = -x**3 + 10*x**2 - 8*x - 7. Calculate q(9).
2
Let z(s) = 2*s - 44. Calculate z(8).
-28
Let n(l) = l**3 - 6*l**2 + 3*l - 7. Give n(6).
11
Let h(s) = -s - 13. Determine h(-5).
-8
Let y(x) = -x**3 + 27*x**2 - 72*x - 3. Calculate y(24).
-3
Let j(u) = u**3 - 7*u**2 - 4*u - 1. Determine j(7).
-29
Let b(c) = -c**3 + 6*c**2 - 6*c + 20. Calculate b(6).
-16
Let w(c) = c**3 + 6*c**2 + c - 7. What is w(-5)?
13
Let l(u) = u**3 - 6*u**2 + 4*u + 15. Determine l(5).
10
Let n(a) = -a**3 + 10*a**2 - 3*a + 24. Determine n(10).
-6
Let j(d) = d + 12. Calculate j(-11).
1
Let r(q) = -q**3 - 5*q**2 + 15*q + 59. What is r(-6)?
5
Let d(l) = -l - 5. What is d(-5)?
0
Let q(h) = 2*h**2 + 2*h - 18. Determine q(3).
6
Let v(o) = o**3 - o**2 - 2*o - 109. What is v(0)?
-109
Let u(w) = -w**3 + 18*w**2 + 18*w - 10. Determine u(19).
-29
Let c(s) = 2*s**2 + 10*s - 21. Give c(2).
7
Let x(u) = u**3 + 8*u**2 + 9*u + 8. Calculate x(-7).
-6
Let c(u) = 6*u**2 - 2*u + 1. What is c(1)?
5
Let i(b) = b**2 + 10*b - 7. Calculate i(-10).
-7
Let c(o) = -3*o + 6. Give c(3).
-3
Let k(v) = -2*v - 36. Determine k(-16).
-4
Let x(d) = 10*d + 130. What is x(-13)?
0
Let a(y) = 84*y**3 + y**2 + y + 1. What is a(-1)?
-83
Let f(o) = -o**3 + 15*o**2 + 13*o + 23. Determine f(16).
-25
Let r(w) = -w - 12. Give r(6).
-18
Let h(w) = 21*w**2 + 2*w. What is h(-1)?
19
Let o(m) = -8*m + 24. Calculate o(3).
0
Let g(b) = 9*b + 5. Give g(4).
41
Let z(u) = u**3 + 2*u**2 + 2*u. Determine z(-3).
-15
Let d(q) = 10*q - 53. Determine d(15).
97
Let q(f) = f**3 + 10*f**2 + 18*f + 18. What is q(-8)?
2
Let c(m) = -2*m + 5. What is c(-7)?
19
Let o(f) = -9*f + 1. Determine o(-1).
10
Let i(u) = u**3 - 3*u**2 - 53*u - 95. What is i(-4)?
5
Let h(d) = d**3 + 4*d**2 - d + 2. Determine h(-4).
6
Let p(c) = -2*c + 47. What is p(22)?
3
Let w(s) = 22*s - 15. What is w(1)?
7
Let i(p) = -3*p**2 - 14*p - 3. Determine i(-4).
5
Let v(y) = y**2 + 10*y - 6. Determine v(-12).
18
Let z(o) = o**3 - 8*o**2 - 10*o + 13. What is z(9)?
4
Let m(j) = j**2 - 2*j + 2. Give m(1).
1
Let h(g) = -6*g**3 - 2*g**2 - 3*g - 2. Calculate h(-2).
44
Let x(m) = m**2 + 17*m + 29. Give x(-15).
-1
Let i(a) = 12*a**2 + 25*a + 4. Give i(-2).
2
Let v(j) = -71*j + 921. Determine v(13).
-2
Let o(q) = -12*q**2 + 4*q + 1. Determine o(3).
-95
Let q(a) = -7*a**2 + 2. Determine q(-2).
-26
Let w(k) = -k**3 - 8*k**2 - 3*k + 6. Determine w(-7).
-22
Let h(s) = -2*s + 11. What is h(4)?
3
Let v(w) = -w**2 - 14*w - 31. Give v(-11).
2
Let r(o) = -o + 3. Give r(3).
0
Let r(o) = -3*o - 3. What is r(-5)?
12
Let x(o) = o**2 + 3*o + 18. What is x(0)?
18
Let i(v) = -v**3 + 1. What is i(2)?
-7
Let f(r) = 6*r - 109. What is f(26)?
47
Let x(p) = 8*p - 18. Calculate x(5).
22
Let g(y) = -y**2 - y + 1. What is g(2)?
-5
Let m(z) = -z - 22. Determine m(-10).
-12
Let o(t) = t**2 + 3*t - 36. Determine o(0).
-36
Let h(i) = -i**2 - 92*i - 350. Calculate h(-4).
2
Let x(b) = -16*b**2 - 62*b + 4. Determine x(-4).
-4
Let p(g) = -14*g + 4. Give p(-3).
46
Let x(z) = -z**3 - 6*z**2 - z + 7. Calculate x(-5).
-13
Let r(d) = 2*d + 11. Give r(-16).
-21
Let g(d) = 6*d**2 + 10*d - 18. What is g(4)?
118
Let b(q) = q**3 - 6*q**2 + q + 1. Give b(4).
-27
Let j(x) = 10*x - 8. What is j(-5)?
-58
Let d(l) = -6*l + 5. What is d(9)?
-49
Let i(w) = -w**3 - 10*w**2 - 34*w - 77. Determine i(-7).
14
Let m(f) = -9*f**2 + 2*f + 2. What is m(2)?
-30
Let w(x) = x**3 - 14*x**2 - 7. Calculate w(14).
-7
Let n(f) = -112*f**2 - f + 1. Determine n(1).
-112
Let z(o) = o**3 - 4*o**2 + o + 2. Determine z(2).
-4
Let k(z) = z**3 - 5*z**2 - 5*z + 6. Calculate k(6).
12
Let i(b) = 2*b**3 + 6*b**2 - 11*b - 5. Determine i(-4).
7
Let n(r) = 6*r - 196. Calculate n(31).
-10
Let k(z) = z + 4. Calculate k(7).
11
Let u(b) = 4*b + 18. What is u(-7)?
-10
Let q(m) = 3*m + 20. Calculate q(-8).
-4
Let b(i) = -i + 25. What is b(6)?
19
Let a(d) = 15*d - 430. Calculate a(29).
5
Let t(r) = r**3 + 13*r**2 - 13*r + 19. Calculate t(-14).
5
Let s(i) = i**3 + 20*i**2 - 16*i + 104. Give s(-21).
-1
Let a(c) = c**2 - c - 22. Calculate a(5).
-2
Let g(j) = -j**3 + 5*j**2 + 13*j - 1. What is g(7)?
-8
Let c(o) = -o**3 - 6*o**2 - 3*o + 11. Determine c(-5).
1
Let c(d) = -d**3 - 16*d**2 - 62*d + 8. Calculate c(-9).
-1
Let k(m) = -m**3 - 5*m**2 + 1. Determine k(-3).
-17
Let x(l) = -l**3 + 14*l**2 - 14*l + 17. Calculate x(13).
4
Let k(c) = -2*c**3 - 25*c**2 - 14*c + 3. Determine k(-12).
27
Let j(d) = -20*d - 825. Determine j(-41).
-5
Let y(g) = -g**3 + 3*g**2 - 2*g - 1. Calculate y(3).
-7
Let o(l) = -l**2 + 18*l - 27. Determine o(18).
-27
Let f(i) = i**3 - 5*i**2 - 4*i + 38. What is f(4)?
6
Let d(x) = x - 22. Calculate d(12).
-10
Let b(m) = -m**2 + 12*m + 17. Give b(12).
17
Let r(a) = 22*a - 135. Calculate r(7).
19
Let f(g) = 19*g**3 - 3*g**2 + g + 1. Determine f(1).
18
Let w(t) = t**2 - 7*t - 13. What is w(6)?
-19
Let c(s) = 18*s - 1. Calculate c(-2).
-37
Let m(d) = -18*d**2 - 2*d - 1. Determine m(-2).
-69
Let u(o) = 2*o**3 + 46*o**2 - 50*o - 33. Give u(-24).
15
Let z(y) = -4*y**2 - 3*y + 2. Give z(1).
-5
Let y(p) = -p**2 - 11*p + 16. What is y(-12)?
4
Let r(n) = -n**3 - 6*n**2 - 8*n - 99. Calculate r(-7).
6
Let k(o) = -o**3 + 8*o**2 - 3*o + 15. Give k(8).
-9
Let o(r) = -r**3 + 12*r**2 + 2. Calculate o(12).
2
Let f(q) = q**3 - 48*q**2 + 176*q + 15. Calculate f(44).
15
Let h(j) = 2*j**3 - 12*j**2 - 6*j + 20. What is h(6)?
-16
Let j(p) = p**3 + 9*p**2 + 7*p - 9. Determine j(-8).
-1
Let r(s) = -s**2 - 11*s + 37. Calculate r(-14).
-5
Let b(t) = -t + 5. Calculate b(0).
5
Let x(f) = 25*f - 1. Give x(-2).
-51
Let p(v) = -v**3 + 16*v**2. Calculate p(16).
0
Let h(l) = -l**2 - 12*l - 15. Determine h(-8).
17
Let j(c) = -2*c + 22. Calculate j(4).
14
Let w(c) = 68*c**3 + 2*c**2 + c. Give w(-1).
-67
Let m(p) = 2*p**3 - p + 1. What is m(1)?
2
Let s(u) = u**3 - u**2 - u + 2. Determine s(1).
1
Let y(f) = -5*f + 22. Calculate y(15).
-53
Let q(p) = -p + 3. Determine q(4).
-1
Let z(r) = -22*r - 65. What is z(-5)?
45
Let c(y) = -7*y - 116. What is c(-15)?
-11
Let x(r) = -r**2 - 4*r + 66. Give x(-10).
6
Let y(f) = -20*f - 89. What is y(-5)?
11
Let i(f) = 11*f - 1. What is i(3)?
32
Let o(u) = -u**2 - 5*u + 93. Give o(-13).
-11
Let b(h) = -h**2 + 2*h - 71. What is b(0)?
-71
Let p(d) = d**3 + 10*d**2 - d + 14. Calculate p(-10).
24
Let x(o) = -o**2 - 14*o - 30. Determine x(-12).
-6
Let n(z) = 2*z**3 - 3*z**2 - 10*z + 1. Determine n(3).
-2
Let j(i) = -6*i + 37. What is j(5)?
7
Let j(s) = -s**3 + s**2 + 9. What is j(0)?
9
Let z(i) = -12*i - 7. Give z(5).
-67
Let s(l) = l**2 + 3*l + 19. What is s(-7)?
47
Let k(m) = -3*m + 34. Give k(10).
4
Let g(z) = -z**3 - 4*z**2 + 11*z - 3. Give g(-6).
3
Let o(x) = 3*x - 4. Determine o(-4).
-16
Let f(t) = 4*t**2 - 5*t - 4. Determine f(2).
2
Let c(w) = -w**3 - 11*w**2 - 12*w - 23. Determine c(-10).
-3
Let a(b) = -b**2 - 12*b + 6. Determine a(-13).
-7
Let i(u) = u - 5. Determine i(-3).
-8
Let j(w) = -4*w - 129. Give j(-32).
-1
Let x(v) = -v**3 - 6*v**2 - 5*v + 10. Calculate x(-5).
10
Let r(q) = q**2 + 16*q - 55. Determine r(-16).
-55
Let z(x) = -x**2 - 4*x + 17. Calculate z(-5).
12
Let r(b) = 33*b**2 + 6*b + 6. Determine r(-1).
33
Let z(w) = w**3 - 15*w**2 - 33*w - 2. Calculate z(17).
15
Let y(t) = t**2 + 17*t + 32. What is y(-15)?
2
Let f(v) = 40*v - 360. Determine f(9).
0
Let r(v) = 22*v - 11. Give r(5).
99
Let c(u) = 4*u**3 + 3*u**2 - 1. Calculate c(2).
43
Let z(s) = -6*s**3 + 2*s**2 - 3. What is z(1)?
-7
Let b(d) = 55*d**2 + 6*d + 4. Give b(-1).
53
Let c(t) = -t**3 + 12*t**2 - 9*t + 25. Calculate c(11).
47
Let l(d) = d + 7. What is l(3)?
10
Let o(u) = -2*u**2 + 3*u + 6. Determine o(4).
-14
Let j(z) = -31*z + 127. Determine j(4).
3
Let z(w) = -w**2 - 21*w + 52. Determine z(2).
6
Let o(w) = -4*w**2 + 12*w - 7. What is o(2)?
1
Let a(u) = -2*u - 6. Give a(1).
-8
Let i(y) = -4*y + 26. What is i(14)?
-30
Let p(n) = 31*n**2 - 2*n - 1. Give p(-1).
32
Let c(s) = s**2 + 12*s + 6. Determine c(-16).
70
Let u(t) = -39*t - 5. Give u(-3).
112
Let a(k) = 3*k - 41. What is a(17)?
10
Let t(i) = -2*i**2 + 12. Give t(0).
12
Let b(h) = -h**2 - 3*h + 48. Calculate b(-9).
-6
Let z(f) =